mmon factor of 2970 and 22?
22
What is the greatest common divisor of 533 and 1807?
13
What is the greatest common divisor of 1206 and 27?
9
What is the greatest common divisor of 117 and 18?
9
Calculate the greatest common factor of 83 and 5063.
83
What is the highest common factor of 4044 and 12?
12
What is the highest common divisor of 488 and 23058?
122
What is the highest common factor of 36 and 396?
36
Calculate the highest common divisor of 30 and 2110.
10
Calculate the greatest common divisor of 992 and 1240.
248
Calculate the highest common factor of 17 and 7.
1
Calculate the greatest common factor of 31 and 341.
31
Calculate the highest common factor of 23582 and 26.
26
Calculate the greatest common factor of 4020 and 60.
60
Calculate the highest common factor of 126 and 8964.
18
Calculate the greatest common factor of 54 and 24.
6
What is the highest common factor of 30 and 18?
6
What is the highest common divisor of 7527 and 26?
13
What is the greatest common divisor of 42 and 54?
6
Calculate the highest common divisor of 173 and 1.
1
Calculate the highest common divisor of 1551 and 165.
33
What is the greatest common divisor of 23 and 2530?
23
What is the highest common factor of 1818 and 1414?
202
What is the highest common divisor of 312 and 96?
24
Calculate the greatest common factor of 14317 and 103.
103
What is the highest common factor of 21 and 770?
7
Calculate the highest common divisor of 15067 and 1729.
247
What is the greatest common divisor of 5805 and 903?
129
Calculate the greatest common divisor of 22 and 99.
11
What is the highest common factor of 245 and 3577?
49
Calculate the greatest common divisor of 99 and 36.
9
Calculate the highest common factor of 2109 and 222.
111
What is the greatest common divisor of 6 and 3456?
6
What is the greatest common factor of 3053 and 568?
71
What is the highest common divisor of 6048 and 448?
224
Calculate the highest common divisor of 33 and 2805.
33
Calculate the greatest common factor of 32 and 364.
4
What is the greatest common factor of 635 and 30?
5
Calculate the highest common divisor of 54 and 72.
18
What is the greatest common divisor of 931 and 441?
49
Calculate the highest common factor of 372 and 29388.
372
Calculate the highest common divisor of 477 and 63.
9
What is the greatest common factor of 72 and 2178?
18
Calculate the highest common divisor of 4 and 840.
4
What is the highest common factor of 80 and 624?
16
What is the greatest common factor of 24881 and 139?
139
Calculate the highest common divisor of 24 and 804.
12
What is the highest common factor of 6498 and 570?
114
Calculate the highest common factor of 70 and 4655.
35
What is the greatest common factor of 64 and 144?
16
What is the highest common divisor of 16 and 16?
16
What is the highest common factor of 9560 and 120?
40
Calculate the greatest common divisor of 4368 and 39.
39
What is the greatest common divisor of 23 and 39031?
23
Calculate the greatest common factor of 4 and 8.
4
Calculate the highest common factor of 21 and 721.
7
What is the highest common factor of 4879 and 119?
119
What is the greatest common factor of 96 and 9?
3
What is the highest common divisor of 893 and 95?
19
Calculate the highest common factor of 70 and 3458.
14
What is the highest common factor of 310 and 682?
62
What is the highest common divisor of 4 and 7256?
4
Calculate the highest common divisor of 10465 and 230.
115
What is the highest common factor of 102 and 210?
6
Calculate the greatest common divisor of 4 and 41.
1
Calculate the greatest common factor of 4 and 1556.
4
What is the highest common divisor of 32 and 68?
4
Calculate the greatest common factor of 2067 and 195.
39
What is the greatest common factor of 32 and 928?
32
Calculate the greatest common factor of 375 and 11125.
125
Calculate the greatest common divisor of 252 and 28.
28
Calculate the greatest common divisor of 272 and 51.
17
What is the highest common divisor of 31 and 10912?
31
Calculate the greatest common divisor of 12 and 123.
3
What is the greatest common factor of 7545 and 15?
15
What is the highest common factor of 9932 and 13?
13
What is the greatest common factor of 24 and 768?
24
Calculate the highest common divisor of 512 and 896.
128
What is the greatest common factor of 728 and 208?
104
Calculate the highest common divisor of 271 and 37669.
271
What is the greatest common factor of 78 and 585?
39
Calculate the greatest common divisor of 5 and 1135.
5
What is the highest common divisor of 10 and 90?
10
Calculate the greatest common divisor of 5 and 1.
1
What is the greatest common divisor of 5 and 300?
5
What is the greatest common factor of 105 and 14?
7
Calculate the highest common factor of 3 and 771.
3
What is the greatest common divisor of 2728 and 220?
44
What is the greatest common factor of 472 and 16?
8
Calculate the highest common factor of 1072 and 67.
67
Calculate the greatest common divisor of 112 and 128.
16
What is the highest common divisor of 46 and 1886?
46
What is the highest common divisor of 175 and 5?
5
What is the highest common divisor of 25 and 35?
5
What is the highest common factor of 36 and 36?
36
What is the greatest common divisor of 37 and 629?
37
What is the greatest common factor of 6161 and 404?
101
What is the greatest common factor of 3190 and 232?
58
Calculate the greatest common divisor of 1494 and 664.
166
What is the highest common factor of 1040 and 65?
65
Calculate the highest common factor of 3424 and 107.
107
Calculate the highest common factor of 273 and 7280.
91
Calculate the greatest common factor of 3596 and 93.
31
What is the greatest common divisor of 30 and 45330?
30
What is the greatest common divisor of 28 and 120?
4
What is the greatest common factor of 2490 and 30?
30
Calculate the highest common factor of 20 and 55.
5
What is the greatest common factor of 50 and 90?
10
Calculate the highest common factor of 430 and 330.
10
What is the highest common factor of 32 and 2592?
32
What is the greatest common factor of 26 and 6526?
26
What is the highest common factor of 26845 and 1180?
295
What is the greatest common divisor of 1368 and 36?
36
Calculate the highest common factor of 14 and 294.
14
What is the highest common factor of 94 and 1363?
47
What is the highest common factor of 766 and 2?
2
What is the greatest common divisor of 80 and 40?
40
What is the highest common divisor of 1825 and 4964?
73
What is the greatest common factor of 5882 and 136?
34
Calculate the highest common divisor of 6 and 720.
6
Calculate the greatest common factor of 2349 and 324.
81
Calculate the highest common divisor of 186 and 434.
62
Calculate the greatest common divisor of 1505 and 35.
35
What is the greatest common divisor of 12 and 38436?
12
What is the greatest common factor of 72 and 1188?
36
What is the greatest common factor of 16 and 10096?
16
Calculate the highest common factor of 94 and 8977.
47
What is the highest common factor of 186 and 496?
62
What is the greatest common factor of 176 and 1507?
11
What is the highest common factor of 156 and 39?
39
What is the greatest common factor of 17 and 544?
17
Calculate the greatest common factor of 7 and 567.
7
What is the greatest common divisor of 416 and 96?
32
What is the highest common factor of 7 and 2863?
7
Calculate the highest common factor of 20 and 5860.
20
Calculate the highest common divisor of 90 and 130.
10
What is the greatest common factor of 144 and 117?
9
Calculate the greatest common factor of 5 and 10615.
5
Calculate the greatest common factor of 336 and 21.
21
Calculate the greatest common divisor of 4 and 23.
1
Calculate the highest common divisor of 1904 and 448.
112
Calculate the greatest common divisor of 2080 and 65.
65
Calculate the greatest common divisor of 108 and 2538.
54
What is the greatest common factor of 308 and 280?
28
What is the highest common divisor of 15 and 6195?
15
What is the highest common factor of 4444 and 44?
44
What is the greatest common divisor of 6224 and 48?
16
What is the greatest common factor of 180 and 9?
9
What is the greatest common factor of 136 and 204?
68
What is the highest common divisor of 495 and 286?
11
Calculate the greatest common factor of 798 and 6.
6
Calcul